 = 130 - 697. Suppose -w = 7*k - 14*k. Does 9 divide k?
True
Let j(h) = -2*h - 2. Let n be j(-3). Suppose 17*w = 12*w + 530. Is 30 a factor of n/(-12) - w/(-3)?
False
Suppose -972 = 3*z - l - l, 5*l - 981 = 3*z. Is 7 a factor of (z/(-21))/((-1)/(-6))?
False
Let i(b) = b**3 + 16*b**2 - 18*b - 13. Let s be i(-17). Suppose 0*o - 84 = -s*o. Does 2 divide o?
False
Let d(g) = -g**3 - 11*g**2 + 11*g + 13. Let i(s) = -3*s + 2*s + 0 - 19 + 2. Let f be i(-5). Does 4 divide d(f)?
False
Suppose -4*v - 3*l = -117 - 131, 4*v - 5*l = 216. Let z = -49 + v. Does 10 divide z?
True
Let a be 390/(-50) + 1/(-5). Does 19 divide 111 + (-1)/2*a?
False
Is (-7 + -5)*87/(-3) a multiple of 17?
False
Let v(l) = -173*l - 164. Is 62 a factor of v(-16)?
True
Suppose 2*q + g = 5*g + 756, 3*q - 1084 = -4*g. Is q a multiple of 16?
True
Suppose -4*v = 3*s - 682, 5*s - 364 = 5*v + 831. Does 9 divide s?
True
Let v(t) = -21*t + 9. Let x be v(-7). Suppose 460 = 8*h + x. Is h a multiple of 11?
False
Let l(s) = -183*s - 1 + 148*s + s**2 - 2*s**2. Is l(-7) a multiple of 15?
True
Let c(f) be the third derivative of -f**8/6720 - f**7/630 + f**6/90 + f**5/20 + f**4/24 + f**2. Let q(h) be the second derivative of c(h). Does 6 divide q(-6)?
True
Suppose 7*k - 33 = 9. Suppose k*v - 164 = 178. Does 17 divide v?
False
Let q be (-10 - -12)*(30 + -1). Suppose 0 = -b - q + 16. Let c = b + 86. Is 8 a factor of c?
False
Let d = -2 - 5. Let j(z) = 2 - 7 + 2 + 4*z - 3 + z**2. Does 5 divide j(d)?
True
Let c(t) = -t + 3. Let b be c(-3). Let z be 1/3*(-1 + 7). Suppose -64 = -b*x + z*x. Is 11 a factor of x?
False
Suppose -n + 3*y = -1602, 0*y - 2*y = n - 1617. Is 25 a factor of n?
False
Let v be 2448/45 + (-4)/10. Suppose -137 = -5*o + 3*p, -4*p + 2*p - v = -2*o. Does 14 divide o?
True
Suppose 0 = 2*t + 4*n + 3321 - 9517, 6201 = 2*t - n. Does 62 divide t?
True
Suppose 63 = 37*l - 36*l. Is (58/30 + (-6)/10)*l a multiple of 23?
False
Let t = 514 + 626. Is 12 a factor of t?
True
Let u = 1747 + -853. Let h = u - 432. Is 4 a factor of h/56 + 2/(-8)?
True
Let z = 88 - 85. Suppose -5*s = -b - 2 + 11, 39 = z*b - 3*s. Is 7 a factor of b?
True
Suppose 0 = 3*b - 5*q + 1, 0 = 4*b - 3*b + 4*q - 11. Suppose 28 = b*v + 4*d, -2*v + 4*d - 5*d = -12. Is 3 a factor of v?
False
Suppose -k - 11 = -4*r, 0*k - 3*r = k - 3. Is -1 - -29 - (k - 12/(-3)) a multiple of 22?
False
Let w = -12 + 28. Suppose l - 24 - w = 0. Is l a multiple of 9?
False
Let l be 1/(28/(-16) + 2). Let b be l*(-2 + (-255)/(-6)). Suppose -m - 2*m = -b. Is m a multiple of 17?
False
Suppose 5*p + 65 + 175 = 0. Let q = 99 + p. Does 7 divide (q/(-6))/(3/(-6))?
False
Suppose -2*g + 1 = -d, 0 = -2*d - 6*g + 4*g + 10. Is 13 a factor of 42/(-2)*(-10)/d?
False
Let b be (2 - -1) + -2 - -119. Suppose 80 + b = 4*m. Suppose -4*w + 2*w = -m. Does 25 divide w?
True
Let c(x) = 4*x**3 + 4*x**2 + 4*x + 6. Let r(p) = 12*p**3 + 11*p**2 + 11*p + 17. Let o(b) = 11*c(b) - 4*r(b). Suppose 0 = 3*f - 8 + 14. Does 8 divide o(f)?
False
Let c be (6/9 - 20/(-6)) + 1. Suppose -t + c*p + 149 = 0, -2*t - t + 5*p = -437. Is t a multiple of 16?
True
Suppose -3*y + s + 49 = 5*s, 5*y + s - 76 = 0. Suppose 3*q + 3 = 3*b, -8 = -4*q - 5*b + y. Suppose -d - 91 = -4*c + q*d, -d = 3*c - 52. Is c a multiple of 19?
True
Let j = 80 + -78. Suppose -u + 5*u = 4*y - 788, 0 = -5*y + j*u + 985. Is y a multiple of 19?
False
Suppose 7*g + 277 = 2370. Is 4 a factor of g?
False
Let z(t) be the second derivative of -t**7/2520 - 11*t**6/720 - t**5/60 + 5*t**4/6 + 7*t. Let a(j) be the third derivative of z(j). Is a(-8) a multiple of 22?
True
Let k(z) be the second derivative of -z**4/6 + 6*z**2 + 17*z. Is 4 a factor of k(0)?
True
Let t be (3 - 4) + 4*5. Suppose 0 = -3*m + 4*m - t. Suppose 2*n + m = 3*k - 48, -4*k - 3*n = -78. Is k a multiple of 7?
True
Let r be 5/(5/106) - 2. Suppose 4*u - 88 = r. Is u/(-18)*45/(-2) a multiple of 23?
False
Let j = 340 + -64. Is j a multiple of 12?
True
Suppose -2*k + 6*d + 168 = 2*d, 4*d = -k + 66. Suppose 447 + k = 5*h. Suppose h = 2*u + 33. Does 18 divide u?
True
Suppose 41*k - 4647 = 4127. Is k even?
True
Let u(p) = p**2 - 3*p - 1. Let b be 4/22 + 84/22. Let l be u(b). Suppose 2*j + 24 = 3*c, 5*c = 3*j + 42 - l. Does 6 divide c?
True
Let u = 1267 + -743. Does 11 divide u?
False
Let f(a) = -a**3 + 9. Let g be f(0). Let t be (6/(-2))/(g + -8). Is t - (-7)/((-7)/(-10)) a multiple of 2?
False
Suppose -3*s - 4*g + 41 = -27, -39 = -4*s + 5*g. Let y be (60/s)/(1/4). Is 8 a factor of y/60 + (-222)/(-8)?
False
Suppose -36 = -l + 133. Let t = l + -48. Does 11 divide t?
True
Let k = 20 + -18. Is k/(-5)*-100*7/14 a multiple of 6?
False
Let j = 86 + -44. Does 42 divide j?
True
Let m(i) be the second derivative of i**4/6 + i**3/6 + 2*i - 7. Let c(l) = l**2 - 3*l + 4. Let y be c(3). Does 12 divide m(y)?
True
Suppose -32 = w + 2. Let n = 48 + w. Is n a multiple of 10?
False
Suppose -h = 2*s - 189, 0 = 6*s - s + 4*h - 465. Let q = s - 86. Is q a multiple of 2?
False
Let x(j) = 6*j**3 - 14*j**2 + 10*j + 24. Is x(6) a multiple of 27?
False
Suppose 444 = 4*k - 3*x - 243, -3*k = 5*x - 537. Is 3 a factor of k?
True
Let s(x) = 4*x - 20. Let p be ((-3)/6)/((-1)/10). Suppose p*u + 5*b - 3*b - 44 = 0, -u + 2*b = -4. Is s(u) a multiple of 5?
False
Suppose 0 = -24*x + 32*x - 1592. Is 20 a factor of x?
False
Does 21 divide (0 - 1348)*54/(-108)?
False
Let y(s) = -s**2 + 5*s - 4. Let c(w) = w**2 - 4*w + 3. Let u(a) = -2*c(a) - 3*y(a). Let m be u(6). Suppose m = 2*v + 2*v - 92. Is v a multiple of 11?
False
Let m(y) = y**3 - 5*y**2 + 2*y + 3. Let b(k) = -k**2 - 6*k - 3. Let i be b(-4). Is m(i) a multiple of 3?
False
Suppose -58 = -8*w + 166. Suppose d - 63 + w = 0. Does 3 divide d?
False
Let a(w) be the third derivative of 9*w**6/40 - w**5/15 + w**4/6 - w**3/2 - 7*w**2. Let j be a(2). Suppose -j = -9*b + 4*b. Is 11 a factor of b?
False
Let m(u) = -42*u**3 - 3*u**2 + u + 2. Let j(n) = -n**3 + 5*n**2 + 7*n - 4. Let h be j(6). Let s be m(h). Is s/(-6) + 2/(-6) a multiple of 13?
False
Let p(r) = -37*r**3 + r + 1. Let f be p(-1). Let m = -2 - 0. Let n = f + m. Does 17 divide n?
False
Let l(w) = w**3 + 5*w**2 + 3*w + 4. Suppose 2*m + 9 = -s, -2*s + 12 = -3*m - 3*s. Does 4 divide l(m)?
False
Suppose 0 = 4*f + 3*f - 28. Suppose 0 = -f*u + 40 + 36. Is 3 a factor of u?
False
Let m(h) = 37*h**3 - 4*h**2 + 5*h - 51. Is 33 a factor of m(5)?
False
Let i be 858/27 - 2/(-9). Suppose 5*b - 37 = 3*h, 6*b - 3*b = 3*h + 21. Let m = i - b. Is 12 a factor of m?
True
Let u(a) = -9*a**2 + 3*a + 2. Let g be u(-1). Let d = g - -2. Is ((-7)/4)/(2/d) a multiple of 2?
False
Suppose 2*h = 5*m, 5*h + 0*h = -4*m. Let o = 6 + h. Does 4 divide (72/(-15))/o*-15?
True
Let m(n) = -9*n - 20. Let i(p) = 6*p + 13. Let o(l) = -8*i(l) - 5*m(l). Let u be o(-3). Let y(d) = -d**2 + 6*d. Does 5 divide y(u)?
True
Suppose -9*q = q - 2850. Is 19 a factor of q?
True
Let t be (3/6)/(6/(-12)). Is (t/3)/(1/(-45)) even?
False
Suppose 10*v = 3027 + 1543. Is 63 a factor of v?
False
Let q = -971 + 1051. Does 40 divide q?
True
Is (-10)/30 + 19875/9 a multiple of 26?
False
Does 39 divide (-4)/(-2) - (-17 - -11 - 343)?
True
Does 36 divide -316*((-18)/24)/((-6)/(-52))?
False
Let z(t) = 2*t - 7. Let q be z(8). Suppose -q + 1 = -4*o. Suppose -80 = -o*r - 2*r. Does 10 divide r?
True
Suppose -5*x - 4*p = -1256, 4*x - 25 = -2*p + 975. Does 62 divide x?
True
Suppose 3*f = -5*d + 5*f + 36, -d - 5*f - 9 = 0. Let k be -3 + d - (-1 - -2). Suppose j = -k*t + 54, -5*j + 0*j = 0. Does 7 divide t?
False
Does 12 divide -5 - 66*(-7 + 6)?
False
Let b = 288 - 252. Does 12 divide b?
True
Suppose 2*u + 2*r - 14 = 0, 4*r + 10 = 4*u - r. Suppose -5*o + 39 = -4*o + 2*f, -151 = -u*o + f. Is o a multiple of 31?
True
Suppose -316 = 96*a - 100*a. Does 3 divide a?
False
Let d(m) = -3*m**2 - 87 + 3*m + 87 + 2*m**2. Let f be d(3). Suppose 0 = -f*s - s + 7. Does 7 divide s?
True
Let u = 1275 - 631. Is u a multiple of 5?
False
Let h = 289 - 73. Is h a multiple of 27?
True
Let b(m) = 10*m + 146. Let w be b(-9). Let h = 6 - 3. Suppose -h*j + 206 = 5*f + w, 2*f - 74 = -4*j. Does 9 divide f?
True
Suppose -3*k = -5*a - 2*k + 454, 0 = 2*a - 4*k - 178. Is a a multiple of 21?
False
Suppose -65 = 5*r - 4*k - 368, 2*r + 2*k - 132 = 0. Is 13 a factor of r?
False
Is 45 a factor of 11/4 + 105/(-140) + 1709?
F